te l(24).
533
Let g(h) = -14755*h - 33279. Calculate g(-2).
-3769
Let q(m) = -m**2 - 905*m - 178397. Give q(-290).
-47
Let n(o) = -6526*o + 281709. Calculate n(43).
1091
Let s(d) = 72996*d - 291985. What is s(4)?
-1
Let h(n) = -34*n**2 + 34*n - 129. Determine h(6).
-1149
Let x(o) = 4*o**3 + 10*o**2 + 9*o + 117. Give x(-4).
-15
Let z(h) = 257*h + 49018. What is z(-191)?
-69
Let q(g) = g**3 + 33*g**2 + 110*g - 245. What is q(-6)?
67
Let t(d) = -3*d**2 - 122398*d + 734506. Calculate t(6).
10
Let o(n) = 4593*n - 514411. Determine o(112).
5
Let x(z) = -z**2 - 5091*z - 296892. Calculate x(-59).
-4
Let i(n) = -8209*n - 328929. What is i(-40)?
-569
Let f(y) = y**3 + 156*y**2 + 4795*y + 251. Determine f(-114).
-547
Let c(s) = -18142*s + 72638. Calculate c(4).
70
Let c(q) = q**3 - 277*q**2 - 20218*q + 23. What is c(-60)?
-97
Let r(t) = 1244*t - 119928. What is r(97)?
740
Let z(w) = 11*w**3 - w**2 - 18*w - 38. Calculate z(-2).
-94
Let c(k) = 230*k + 1238. What is c(-5)?
88
Let x(j) = -250025*j - 7250725. Calculate x(-29).
0
Let i(y) = 80525*y + 805134. What is i(-10)?
-116
Let a(f) = -f**3 + 89*f**2 - 83*f - 639. Give a(88).
-199
Let t(p) = -71040*p - 497367. Determine t(-7).
-87
Let w(t) = 3*t**3 - 765*t**2 - 1540*t - 487. What is w(257)?
27
Let a(b) = 38*b**3 + 721*b**2 - 16*b + 60. What is a(-19)?
3
Let p(i) = 1086*i - 554961. What is p(511)?
-15
Let k(f) = 7*f**3 - 1834*f - 3674. Determine k(-2).
-62
Let g(f) = -7*f**2 + f + 131. Give g(5).
-39
Let z(v) = -3*v**3 - 243*v**2 + 949*v + 183. Give z(-85).
6218
Let t(u) = 2*u**2 - 427*u - 6523. Give t(228).
89
Let i(c) = -186531*c - 1865306. Calculate i(-10).
4
Let f(z) = -1413*z - 3519. Give f(-2).
-693
Let c(r) = 21*r**2 + 41*r + 256. What is c(10)?
2766
Let v(c) = c**3 + 151*c**2 - 775*c - 94629. Give v(-152).
67
Let q(k) = 2*k**2 + 102*k + 304. Determine q(-49).
108
Let a(p) = -39149*p - 1487644. Give a(-38).
18
Let n(g) = g**3 - 90*g**2 - 157*g + 6237. Give n(91).
231
Let h(o) = 11*o**3 + 694*o**2 + 73*o - 314. What is h(-63)?
-944
Let a(i) = 264*i - 4257. Give a(16).
-33
Let r(t) = -258*t**2 - 7*t - 3. What is r(2)?
-1049
Let j(a) = 435*a + 1890. Determine j(-4).
150
Let m(j) = j**3 + 2*j**2 + 1546*j + 4645. What is m(-3)?
-2
Let s(q) = q**3 - 9297*q + 37204. What is s(4)?
80
Let m(o) = 5811*o - 69449. Give m(12).
283
Let m(g) = -6*g**3 - 541*g**2 - 111*g - 2079. Determine m(-90).
-189
Let g(x) = 2*x**2 - 51*x + 235. Calculate g(14).
-87
Let x(o) = -4*o**3 + 335*o**2 - 4129*o + 4000. What is x(69)?
-2
Let f(j) = -70*j - 1390. Calculate f(-41).
1480
Let i(q) = 7*q**3 - 254*q**2 + 1478*q + 12. What is i(29)?
-17
Let h(b) = 18964*b + 208590. Give h(-11).
-14
Let s(i) = -2*i**2 - 210*i + 813. Determine s(-109).
-59
Let r(d) = 5712*d - 1719408. Give r(301).
-96
Let u(v) = -17865*v - 232393. Calculate u(-13).
-148
Let b(x) = 3*x**2 + 204*x - 3585. Calculate b(14).
-141
Let x(u) = 3*u**2 + 528*u - 1597. Give x(-179).
14
Let q(m) = -9*m**3 - 11*m**2 - 30*m + 4. Give q(-8).
4148
Let j(k) = 7561*k + 930004. Give j(-123).
1
Let o(r) = 2*r**2 + 357*r - 2766. Give o(-186).
24
Let s(p) = -59989*p + 899843. What is s(15)?
8
Let i(y) = -7827*y - 2404. Give i(0).
-2404
Let i(g) = -955*g + 173843. Determine i(182).
33
Let k(c) = -c**3 - 89*c**2 - 1132*c - 10938. Calculate k(-76).
6
Let y(d) = -d**2 + 645*d + 310097. Determine y(-321).
11
Let i(z) = -2149*z**3 - 1218484*z**2 - 571*z - 2272. Calculate i(-567).
-4
Let t(c) = -34*c**2 - 4151*c - 108. What is t(-122)?
258
Let i(l) = -2*l**3 + 61*l**2 + 124*l - 2971. Determine i(31).
-88
Let b(o) = 322*o**2 - 42831*o + 653. Give b(133).
-12
Let r(v) = -4*v**2 - 27117*v - 273. What is r(0)?
-273
Let w(n) = -63078*n + 1450984. Calculate w(23).
190
Let t(u) = 899*u**2 - 917*u + 33. Give t(1).
15
Let l(y) = y**3 - 2*y**2 + 142385*y - 569559. Determine l(4).
13
Let f(z) = -1199*z**2 - 1206*z - 4. Give f(-1).
3
Let z(u) = u**3 + 462*u**2 - 3961*u - 94466. Calculate z(-470).
4
Let l(x) = -x**2 - 558*x - 77544. Calculate l(-295).
41
Let f(r) = -1247*r**2 + r. Calculate f(0).
0
Let c(g) = g**3 + 532*g**2 - 1553*g - 826207. What is c(-532)?
-11
Let k(z) = -159*z - 597. What is k(-4)?
39
Let k(p) = -15000*p - 404943. Determine k(-27).
57
Let v(i) = 2*i**3 - 114*i**2 - 116*i - 2. Calculate v(58).
-2
Let z(m) = -19570*m + 313114. Calculate z(16).
-6
Let i(h) = 3*h**2 + 451*h - 13868. Determine i(26).
-114
Let x(o) = -2*o**3 - 302*o**2 - 1460*o + 1. What is x(-5)?
1
Let t(c) = -5*c**3 + 10*c**2 - 326*c + 1907. What is t(6)?
-769
Let p(r) = -479*r + 80798. What is p(169)?
-153
Let i(u) = 11106*u + 44556. Give i(-4).
132
Let w(f) = 57564*f - 287714. What is w(5)?
106
Let h(f) = -f**2 + 1737*f - 62756. Calculate h(36).
-1520
Let q(h) = 498*h - 20961. What is q(46)?
1947
Let u(c) = c**3 + 26*c**2 + 161*c - 2. Determine u(-17).
-138
Let h(m) = 89*m**2 - 617*m - 94. Determine h(7).
-52
Let j(q) = 7*q + 464. Calculate j(22).
618
Let g(h) = -8*h**2 - 125*h - 50. Give g(-21).
-953
Let m(w) = -66452*w - 465144. Determine m(-7).
20
Let f(l) = -7*l**3 - 746*l**2 + 1091*l + 1197. Calculate f(-108).
9
Let v(j) = 363*j + 73885. Give v(-204).
-167
Let d(y) = -10*y**3 + 8931*y**2 - 930*y + 33031. Give d(893).
-10
Let l(m) = -255619*m - 766863. Give l(-3).
-6
Let t(a) = a**2 + 165*a + 4799. Calculate t(-87).
-1987
Let l(q) = 2*q**2 - 214*q + 5119. Determine l(36).
7
Let h(r) = -2*r**3 - 219*r**2 - 92*r + 1856. What is h(-109)?
3
Let s(a) = 7751*a - 294535. Determine s(38).
3
Let y(s) = -246*s**2 + 6399*s - 86. Determine y(26).
-8
Let o(d) = 11462*d - 5192319. Determine o(453).
-33
Let x(b) = -9658*b + 48311. What is x(5)?
21
Let x(u) = 4*u**2 - 413*u + 10549. What is x(46)?
15
Let d(i) = -i**2 + 5*i + 491. Determine d(-25).
-259
Let x(u) = -144485*u - 1155902. What is x(-8)?
-22
Let m(y) = -159*y - 10990. Give m(-67).
-337
Let v(k) = 22*k**2 + 189*k + 89. Give v(-8).
-15
Let q(x) = 9274*x - 788308. What is q(85)?
-18
Let f(n) = 3*n**2 - 15642*n + 109401. Determine f(7).
54
Let j(z) = -z**3 - 59*z**2 - 697*z - 77. What is j(-21)?
-2198
Let o(j) = -6854*j - 20561. Determine o(-3).
1
Let t(p) = -739*p - 41643. Determine t(-55).
-998
Let m(i) = 3*i**2 + 17744*i - 195097. Give m(11).
450
Let s(f) = -f**3 + 98*f**2 - 1672*f + 544. Give s(76).
544
Let o(s) = 38*s**2 - 481*s - 2778. What is o(-6)?
1476
Let n(y) = -372*y + 5987. Give n(16).
35
Let f(n) = 3249*n + 204727. What is f(-63)?
40
Let f(n) = -5722*n + 74324. Calculate f(13).
-62
Let q(j) = 3*j**2 + 231*j + 915. Give q(-71).
-363
Let d(c) = 6*c**3 - 405*c**2 + 166*c + 2351. Calculate d(67).
6
Let x(m) = -m**3 + 67*m**2 + 142*m - 348. Give x(69).
-72
Let b(x) = -x**3 + 10*x**2 + 146*x - 1291. Give b(-12).
125
Let v(m) = -m**3 + 11*m**2 - 2433*m + 31952. Give v(13).
-15
Let h(k) = -k**3 - 190*k**2 - 3173*k + 7890. Calculate h(-21).
-6
Let d(b) = 9*b**2 - 81550*b + 326202. Determine d(4).
146
Let j(q) = q**3 + 226*q**2 - 6*q - 1367. Calculate j(-226).
-11
Let p(v) = -v**3 + 5*v**2 + 51723*v - 310308. Calculate p(6).
-6
Let c(z) = -z**3 - 114*z**2 - 235*z - 1499. Give c(-112).
-267
Let g(b) = b**3 - 64*b**2 + 309*b + 590. Give g(59).
1416
Let y(z) = 5*z**3 - 748*z**2 - 1872*z + 7292. Determine y(152).
-4
Let d(i) = i**3 - 323*i**2 + 705*i - 20247. Determine d(321).
-24
Let x(l) = 520*l**3 + 3116*l**2 - 17*l + 49. What is x(-6)?
7
Let a(o) = -782*o**2 - 7552*o + 2691. Give a(-10).
11
Let n(i) = -6*i**3 - 76*i**2 - 1668*i - 22018. Determine n(-13).
4
Let b(f) = f**3 + 14*f**2 - 274*f - 3859. Give b(-14).
-23
Let o(w) = 2475*w - 576646. Give o(233).
29
Let s(i) = 51740*i - 4449588. Calculate s(86).
52
Let n(i) = 43164*i - 1122092. Determine n(26).
172
Let j(k) = -9120*k - 136810. Give j(-15).
-10
Let s(i) = 48*i**2 - 194*i + 95. Calculate s(5).
325
Let m(k) = -13408*k - 415797. Calculate m(-31).
-149
Let a(j) = -131*j - 56610. What is a(-432)?
-18
Let a(t) = -2*t**2 - 353*t - 7482. Calculate a(-154).
-552
Let r(o) = -45*o**2 - 126*o - 293. Give r(-3).
-320
Let m(p) = -372*p - 2179. What is m(-5)?
-319
Let k(g) = -114*g + 6446. Give k(68).
-1306
Let s(v) = 16*v**2 - 10477*v - 1979. Determine s(655).
-14
Let c(y) = -6*y**2 - 404*y + 33226. Determine c(48).
10
Let f(c) = -1165*c + 14227. What is f(12)?
247
Let b(t) = -t**2 + 164*t + 9978. What is b(211)?
61
Le